{"id":2,"date":"2023-11-27T13:46:48","date_gmt":"2023-11-27T13:46:48","guid":{"rendered":"https:\/\/elsol1077fm.com\/site\/?page_id=2"},"modified":"2024-08-07T13:07:31","modified_gmt":"2024-08-07T20:07:31","slug":"reglas-concursos","status":"publish","type":"page","link":"https:\/\/elsol1077fm.com\/site\/reglas-concursos\/","title":{"rendered":"Reglas de Concursos"},"content":{"rendered":"\n<figure class=\"wp-block-image aligncenter size-large is-resized\"><img fetchpriority=\"high\" decoding=\"async\" width=\"1024\" height=\"540\" src=\"https:\/\/elsol1077fm.com\/site\/wp-content\/uploads\/2023\/12\/EL-SOL-LOGO-slogan-1024x540.png\" alt=\"\" class=\"wp-image-26\" style=\"width:254px;height:auto\" srcset=\"https:\/\/elsol1077fm.com\/site\/wp-content\/uploads\/2023\/12\/EL-SOL-LOGO-slogan-1024x540.png 1024w, https:\/\/elsol1077fm.com\/site\/wp-content\/uploads\/2023\/12\/EL-SOL-LOGO-slogan-300x158.png 300w, https:\/\/elsol1077fm.com\/site\/wp-content\/uploads\/2023\/12\/EL-SOL-LOGO-slogan-768x405.png 768w, https:\/\/elsol1077fm.com\/site\/wp-content\/uploads\/2023\/12\/EL-SOL-LOGO-slogan-1536x809.png 1536w, https:\/\/elsol1077fm.com\/site\/wp-content\/uploads\/2023\/12\/EL-SOL-LOGO-slogan.png 2000w\" sizes=\"(max-width: 1024px) 100vw, 1024px\" \/><\/figure>\n\n\n\n<p>Concursantes deben ser mayores de 18 a\u00f1os para ser elegibles para participar en concursos al aire, online y eventos en persona.<\/p>\n\n\n\n<p>Si la promoci\u00f3n es patrocinada por alguna marca de bebida alcoh\u00f3lica o el evento requiere mayor\u00eda de edad, los ganadores deben ser mayores de 21 a\u00f1os y presentar identificaci\u00f3n.<\/p>\n\n\n\n<p>El ganador puede participar cada 30 d\u00edas en los concursos al aire. Si participa y es seleccionado ganador de nueva cuenta antes de los 30 d\u00edas su segundo premio queda autom\u00e1ticamente anulado.<\/p>\n\n\n\n<p>Si llama a cabina y se desconecta la llamada por alguna causa t\u00e9cnica antes de solicitar nombre y datos de ganador, se tomar\u00e1 la llamada siguiente.<\/p>\n\n\n\n<p>S\u00f3lo un ganador por familia o domicilio. El ganador debe presentar identificaci\u00f3n con foto y direcci\u00f3n al asistir a nuestra oficina para reclamar su premio. Su identificaci\u00f3n debe incluir el nombre correcto como se registr\u00f3 para ganar y domicilio correspondiente que compruebe su identidad.<\/p>\n\n\n\n<p>Al recoger premio el ganador debe revisar que su informaci\u00f3n sea correcta en la hoja de ganador, incluir fecha y firma. En esta hoja certifica su identidad y la conformidad con esperar 30 para participar a partir de la fecha en que gan\u00f3 y de acuerdo con nuestras reglas.<\/p>\n\n\n\n<p>Al enviarse boletos v\u00eda electr\u00f3nica tambi\u00e9n deben esperar 30 d\u00edas para ser elegibles de nuevo.<\/p>\n\n\n\n<p>Si su premio tiene vigencia debe recoger cuanto antes (antes de la fecha del evento). Si no tiene vigencia tienes dos semanas para reclamar su premio. Los premios no son transferibles y no se pueden cambiar o sustituir por otro premio.<\/p>\n\n\n\n<p>Si tenemos concurso con reglas adicionales o sujetas a restricciones por parte de patrocinadores las mismas ser\u00e1n publicadas en nuestra p\u00e1gina web disponibles en nuestras oficinas o hasta estar incluidas en nuestros promocionales al aire.<\/p>\n\n\n\n<p>Ganadores de viajes deben contar con identificaci\u00f3n v\u00e1lida, documentos en regla para poder viajar y contar con tarjeta de cr\u00e9dito para gastos incidentales si la agencia o el concurso lo requieren.<\/p>\n\n\n\n<p>El Sol 107.7 FM no se hace responsable si el evento, concierto, parque tem\u00e1tico o atracci\u00f3n son cancelados o cierran por cualquier motivo. En este caso no se otorgar\u00e1 ning\u00fan premio ya que esta fuera de nuestro control.&nbsp;<\/p>\n\n\n\n<p>Si participas en redes sociales sigue las instrucciones establecidas para ganar, aplica solo un ganador por familia por concurso.<\/p>\n\n\n\n<p>Si concursas con nuestros locutores en sus redes sociales sigue las reglas establecidas para participar. Es responsabilidad del participante y ganador confirmar que se registre con sus datos correctos y estar pendiente de su tel\u00e9fono, correo electr\u00f3nico o inbox (bandeja de mensajes) en caso de resultar ganadores. No nos hacemos responsables si no responden o los datos son incorrectos.<\/p>\n\n\n\n<p>Los premios no se env\u00edan a domicilio, se deben recoger en nuestras instalaciones y\/o se har\u00e1n llegar v\u00eda digital seg\u00fan sea el caso. Nuestras oficinas est\u00e1n ubicadas en Chula Vista Center, 555 Broadway, Suite 2012, Chula Vista 91910<\/p>\n\n\n\n<p>Carlos Robirosa No. 3110-a Fracc. Aviaci\u00f3n &#8211; C.P. 22014&nbsp;<em>Tijuana<\/em>, Baja California<\/p>\n\n\n\n<p>Preguntas y detalles sobre premios llame al 619 907 77 71 (Lunes a S\u00e1bado)<\/p>\n\n\n\n<p>Audio de llamadas y fotograf\u00edas capturadas por nuestro personal pueden ser utilizadas para campa\u00f1as promocionales de El Sol 107.7 FM sin fines de lucro. Ganadores autorizan que los correos electr\u00f3nicos puedan ser utilizados para contactarlos o recibir informaci\u00f3n de promociones de El Sol 107.7 FM.<\/p>\n\n\n\n<p>Nos reservamos el derecho de no entregar premios por romper nuestras reglas o discreci\u00f3n de nuestro departamento de promociones.<\/p>\n","protected":false},"excerpt":{"rendered":"<p>Concursantes deben ser mayores de 18 a\u00f1os para ser elegibles para participar en concursos al aire, online y eventos en persona. Si la promoci\u00f3n es patrocinada por alguna marca de bebida alcoh\u00f3lica o el evento requiere mayor\u00eda de edad, los ganadores deben ser mayores de 21 a\u00f1os y presentar identificaci\u00f3n. El ganador puede participar cada [&hellip;]<\/p>\n","protected":false},"author":1,"featured_media":0,"parent":0,"menu_order":0,"comment_status":"closed","ping_status":"open","template":"","meta":{"footnotes":""},"class_list":["post-2","page","type-page","status-publish","hentry"],"_links":{"self":[{"href":"https:\/\/elsol1077fm.com\/site\/wp-json\/wp\/v2\/pages\/2","targetHints":{"allow":["GET"]}}],"collection":[{"href":"https:\/\/elsol1077fm.com\/site\/wp-json\/wp\/v2\/pages"}],"about":[{"href":"https:\/\/elsol1077fm.com\/site\/wp-json\/wp\/v2\/types\/page"}],"author":[{"embeddable":true,"href":"https:\/\/elsol1077fm.com\/site\/wp-json\/wp\/v2\/users\/1"}],"replies":[{"embeddable":true,"href":"https:\/\/elsol1077fm.com\/site\/wp-json\/wp\/v2\/comments?post=2"}],"version-history":[{"count":1,"href":"https:\/\/elsol1077fm.com\/site\/wp-json\/wp\/v2\/pages\/2\/revisions"}],"predecessor-version":[{"id":565,"href":"https:\/\/elsol1077fm.com\/site\/wp-json\/wp\/v2\/pages\/2\/revisions\/565"}],"wp:attachment":[{"href":"https:\/\/elsol1077fm.com\/site\/wp-json\/wp\/v2\/media?parent=2"}],"curies":[{"name":"wp","href":"https:\/\/api.w.org\/{rel}","templated":true}]}}